o base 15
10d
What is -a (base 15) in base 7?
-13
What is -134 (base 5) in base 3?
-1122
231 (base 4) to base 8
55
Convert -4 (base 14) to base 12.
-4
1100 (base 2) to base 8
14
What is 21 (base 12) in base 4?
121
Convert 1 (base 16) to base 8.
1
Convert -1030 (base 4) to base 14.
-56
What is -2 (base 9) in base 13?
-2
Convert -10b (base 12) to base 4.
-2123
7 (base 13) to base 5
12
135 (base 12) to base 14
d3
-1 (base 7) to base 10
-1
What is -104 (base 5) in base 3?
-1002
What is 7 (base 10) in base 12?
7
Convert 22 (base 12) to base 10.
26
Convert a8 (base 12) to base 11.
107
What is -11 (base 13) in base 3?
-112
What is 4 (base 7) in base 8?
4
223 (base 5) to base 12
53
What is 9a (base 13) in base 6?
331
What is 12 (base 8) in base 16?
a
What is -35 (base 8) in base 15?
-1e
What is 22 (base 7) in base 3?
121
Convert 2 (base 7) to base 16.
2
Convert 4 (base 11) to base 15.
4
What is 31 (base 5) in base 11?
15
What is 1 (base 2) in base 3?
1
243 (base 5) to base 10
73
Convert 12 (base 7) to base 5.
14
Convert 6 (base 13) to base 8.
6
Convert 13 (base 4) to base 14.
7
Convert 16c (base 14) to base 5.
2132
What is 10 (base 9) in base 15?
9
1403 (base 5) to base 12
170
Convert -101 (base 6) to base 14.
-29
Convert 1 (base 11) to base 6.
1
-5 (base 12) to base 14
-5
Convert 0 (base 11) to base 13.
0
Convert -1 (base 9) to base 2.
-1
What is 310 (base 5) in base 4?
1100
Convert 36 (base 16) to base 6.
130
What is -100 (base 6) in base 9?
-40
-10 (base 3) to base 13
-3
What is -137 (base 8) in base 7?
-164
Convert 110 (base 6) to base 14.
30
What is 3 (base 11) in base 14?
3
Convert 13 (base 5) to base 7.
11
Convert -39 (base 13) to base 7.
-66
-1 (base 3) to base 13
-1
What is -14 (base 9) in base 10?
-13
-23 (base 5) to base 12
-11
Convert -13 (base 11) to base 3.
-112
What is 3 (base 16) in base 15?
3
Convert 1010 (base 3) to base 12.
26
Convert 44 (base 5) to base 3.
220
What is -26 (base 8) in base 15?
-17
-54 (base 10) to base 5
-204
Convert -420 (base 5) to base 2.
-1101110
Convert 100011 (base 2) to base 16.
23
Convert 12 (base 7) to base 8.
11
Convert 1 (base 10) to base 6.
1
What is -12113 (base 4) in base 15?
-1c2
Convert -20 (base 12) to base 15.
-19
What is -2 (base 6) in base 9?
-2
Convert -112 (base 3) to base 9.
-15
Convert 1b (base 12) to base 8.
27
What is -42 (base 7) in base 2?
-11110
-2 (base 12) to base 13
-2
What is -1011 (base 2) in base 14?
-b
Convert 3 (base 13) to base 9.
3
What is 8 (base 16) in base 2?
1000
Convert 112 (base 3) to base 13.
11
Convert 0 (base 8) to base 11.
0
What is -1 (base 7) in base 12?
-1
What is -13 (base 14) in base 4?
-101
Convert -6 (base 12) to base 7.
-6
What is -100 (base 4) in base 7?
-22
Convert 30 (base 11) to base 10.
33
6 (base 15) to base 5
11
-2 (base 5) to base 15
-2
Convert -42 (base 9) to base 10.
-38
-10 (base 2) to base 5
-2
Convert -2 (base 10) to base 14.
-2
What is -3 (base 9) in base 6?
-3
Convert 6 (base 16) to base 6.
10
Convert 14 (base 11) to base 2.
1111
What is 16 (base 13) in base 8?
23
Convert -23 (base 12) to base 3.
-1000
What is -5 (base 12) in base 5?
-10
What is -a5 (base 12) in base 4?
-1331
What is 2a (base 11) in base 3?
1012
What is 170 (base 8) in base 4?
1320
What is 16 (base 8) in base 15?
e
What is -4 (base 9) in base 3?
-11
Convert -1002 (base 3) to base 9.
-32
What is -2 (base 14) in base 13?
-2
-51 (base 9) to base 4
-232
-323 (base 8) to base 5
-1321
3 (base 10) to base 13
3
What is -31 (base 16) in base 10?
-49
-24 (base 14) to base 9
-35
What is 2 (base 10) in base 3?
2
Convert 2 (base 13) to base 3.
2
4 (base 12) to base 8
4
Convert 10 (base 15) to base 6.
23
What is -2 (base 4) in base 10?
-2
What is 1110 (base 2) in base 6?
22
What is c (base 13) in base 3?
110
Convert 89 (base 11) to base 10.
97
What is 2 (base 3) in base 9?
2
What is 231 (base 7) in base 4?
1320
Convert -26 (base 9) to base 14.
-1a
Convert 10 (base 6) to base 7.
6
Convert -10120 (base 3) to base 2.
-1100000
Convert -212 (base 8) to base 14.
-9c
1c (base 14) to base 2
11010
What is 5 (base 12) in base 2?
101
What is 111 (base 7) in base 5?
212
Convert -3 (base 9) to base 11.
-3
Convert 122 (base 3) to base 16.
11
What is 1301 (base 4) in base 5?
423
Convert 3 (base 14) to base 15.
3
What is -69 (base 10) in base 4?
-1011
What is 103 (base 11) in base 16?
7c
-15 (base 8) to base 5
-23
What is 202 (base 4) in base 2?
100010
0 (base 5) to base 12
0
Convert -54 (base 6) to base 9.
-37
What is 1 (base 12) in base 6?
1
Convert dc (base 16) to base 4.
3130
Convert 2123 (base 5) to base 12.
200
What is -450 (base 7) in base 12?
-173
0 (base 16) to base 5
0
-11 (base 2) to base 13
-3
212 (base 5) to base 6
133
Convert 30 (base 15) to base 16.
2d
Convert -1000 (base 3) to base 4.
-123
Convert 20 (base 13) to base 2.
11010
What is 1a5 (base 12) in base 14?
153
84 (base 9) to base 11
6a
1042 (base 5) to base 6
403
Convert 12 (base 11) to base 14.
d
5 (base 10) to base 7
5
Convert 100 (base 6) to base 12.
30
2121 (base 3) to base 15
4a
What is 10 (base 3) in base 4?
3
What is -6 (base 10) in base 13?
-6
What is 4 (base 14) in base 11?
4
What is 23 (base 5) in base 14?
d
0 (base 2) to base 3
0
Convert 1324 (base 5) to base 11.
185
110 (base 2) to base 13
6
Convert 1 (base 7) to base 11.
1
-3 (base 14) to base 11
-3
What is 3a (base 11) in base 9?
47
3 (base 15) to base 10
3
14 (base 8) to base 4
30
What is -37 (base 13) in base 3?
-1201
What is -21 (base 8) in base 11?
-16
What is -10 (base 12) in base 4?
-30
Convert -32 (base 5) to base 13.
-14
aa (base 11) to base 5
440
What is -3 (base 15) in base 10?
-3
What is 5 (base 9) in base 14?
5
-112 (base 3) to base 9
-15
Convert 2 (base 8) to base 9.
2
What is -3 (base 8) in base 10?
-3
What is 2 (base 11) in base 2?
10
Convert -47 (base 13) to base 11.
-54
Convert -9 (base 14) to base 15.
-9
Convert 14 (base 15) to base 7.
25
What is -8 (base 16) in base 13?
-8
42 (base 16) to base 6
150
-11 (base 5) to base 16
-6
What is 41 (base 10) in base 5?
131
Convert -24 (base 15) to base 3.
-1021
What is 11 (base 5) in base 14?
6
91 (base 16) to base 4
2101
Convert -66 (base 11) to base 2.
-1001000
Convert -3 (base 13) to base 8.
-3
What is 4 (base 15) in base 16?
4
-41 (base 11) to base 9
-50
1 (base 3) to base 15
1
-a (base 12) to base 10
-10
-4 (base 14) to base 9
-4
130 (base 10) to base 11
109
Convert 122 (base 5) to base 16.
25
Convert -30 (base 4) to base 12.
-10
-5 (base 10) to base 5
-10
Convert -32 (base 4) to base 2.
-1110
Convert 1 (base 14) to base 4.
1
Convert -2 (base 14) to base 13.
-2
Convert 1 (base 2) to base 16.
1
-2 (base 14) to base 3
-2
Convert 8 (base 9) to base 16.
8
111010 (base 3) to base 8
542
-35 (base 10) to base 14
-27
Convert 78 (base 10) to base 2.
1001110
What is 127 (base 11) in base 10?
150
-1 (base 15) to base 9
-1
What is 3 (base 4) in base 7?
3
-c (base 16) to base 12
-10
11 (base 12) to base 13
10
-1 (base 10) to base 5
-1
-17 (base 16) to base 15
-18
Convert -3 (base 14) to base 12.
-3
What is 14 (base 9) in base 16?
d
What is -11 (base 4) in base 15?
-5
Convert 90 (base 11) to base 12.
83
-20 (base 9) to base 13
-15
17 (base 8) to base 11
14
Convert -2 (base 7) to base 15.
-2
Convert 11b (base 14) to base 6.
1005
Convert -13 (base 8) to base 6.
-15
30 (base 12) to base 13
2a
Convert -6 (base 13) to base 14.
-6
What is 3 (base 11) in base 9?
3
-34 (base 13) to base 14
-31
Convert -1 (base 11) to base 15.
-1
What is -1011010 (base 2) in base 6?
-230
-17 (base 13) to base 9
-22
Convert 1 (base 9) to base 6.
1
1 (base 15) to base 8
1
2 (base 8) to base 9
2
Convert -1010 (base 2) to base 5.
-20
What is -2 (base 10) in base 4?
-2
Convert -10 (base 7) to base 14.
-7
What is 111 (base 3) in base 8?
15
What is -13 (base 13) in base 5?
-31
What is -2 (base 9) in base 7?
-2
11 (base 6) to base 12
7
What is 45 (base 6) in base 5?
104
Convert 3 (base 4) to base 12.
3
What is 101110 (base 2) in base 9?
51
Convert 10111101 (base 2) to base 10.
189
What is 65 (base 9) in base 5?
214
What is -27 (base 11) in base 7?
-41
-d1 (base 15) to base 2
-11000100
4 (base 15) to base 5
4
What is -95 (base 10) in base 5?
-340
5 (base 6) to base 15
5
3 (base 6) to base 14
3
3 (base 15) to base 2
11
-148 (base 11) to base 6
-445
What is 